{"id":57,"date":"2016-11-06T12:09:48","date_gmt":"2016-11-06T11:09:48","guid":{"rendered":"http:\/\/geraer-mineralienfreunde.de\/gmfv4\/?page_id=57"},"modified":"2025-06-20T23:29:52","modified_gmt":"2025-06-20T21:29:52","slug":"42-ostthueringer-mineralien-und-fossilienboerse-am-24-september-2017-im-kultur-und-kongresszentrum-gera","status":"publish","type":"page","link":"https:\/\/geraer-mineralienfreunde.de\/gmfv4\/42-ostthueringer-mineralien-und-fossilienboerse-am-24-september-2017-im-kultur-und-kongresszentrum-gera\/","title":{"rendered":"48. Ostth\u00fcringer Mineralien- und Fossilienb\u00f6rse am 28. September 2025"},"content":{"rendered":"<p><strong>Am Sonntag, dem 28. September 2025 teilen die Geraer Mineralien- und Fossilienfreunde von 10.00 bis 16.00 Uhr ihr Hobby mit Besuchern und Besucherinnen im Kultur- und Kongresszentrum Gera (Schlossstra\u00dfe 1, 07545 Gera). Sie verwandeln das Foyer in eine Schatzkammer voller edler Mineralien und Fossilien aus Th\u00fcringen und der ganzen Erde. Den Verein bilden \u00fcber 30 Mitglieder M\u00e4nner und Frauen, darunter Mineralogen, Geologen, ehemalige Bergleute oder enthusiastische Mineraliensammler. Ihre Veranstaltung versteht sich auch in diesem Jahr als Forum f\u00fcr Freunde der Geologie und Naturliebhaber und bietet deshalb ein breites Rahmenprogramm an.<\/strong><\/p>\n<p>1. Der Verein bietet einen Bestimmungsstand an. Dort k\u00f6nnen Besucher und Besucherinnen kostenlos Rat und Tipps zur Bestimmung zu mitgebrachten Mineralien und Fossilien erhalten.<\/p>\n<p>2. Der Verein pr\u00e4sentiert in einer Sonderausstellung die Mineralien der faszinierenden Granatgruppe wie z. B. Almandin, Andradit, Grossular, Spessartin und Uwarowit.<\/p>\n<p>3. Der Verein bietet ein informatives R\u00e4tselquiz f\u00fcr Kinder und Jugendliche an, das durch die Ausstellung f\u00fchrt.<\/p>\n<p>4. Der Verein bietet w\u00e4hrend der B\u00f6rse vier Bildvortr\u00e4ge zu mineralogischen und pal\u00e4ontologischen Themen an. <\/p>\n<p>10.30 Uhr: Zum 150. Todesjahr von Dr. Moritz Rudolph Ferber &#8211; Kurzportrait eines bedeutenden Mineraliensammlers und des Ferberits. Referent: Frank Hrauda \/ Gera <\/p>\n<p>11.30 Uhr: Fossilien aus Mineralien und Mineralien in Fossilien &#8211; Interessante Kombinationen. Referent: Dr. Ludwig Senf \/ Gera<\/p>\n<p>13.30 Uhr: Gran Canaria mal ganz anders &#8211; Die Mineralien der Insel im Atlantik. Referent: Matthias Sehrig \/ Chemnitz<\/p>\n<p>14.30 Uhr: Bau einer 500-Meter-Gefluterrinne &#8211; Meisterleistung alter Bergleute in Kamsdorf. Referent: Dieter Langhammer \/ Gera<\/p>\n<p>Veranstaltungsort: Kultur- und Kongresszentrum Gera, Schlossstra\u00dfe 1, 07545 Gera<\/p>\n<p>Geraer Verkehrsbetriebe: Stra\u00dfenbahn Linie 1 und 3, HST Heinrichstra\u00dfe<br \/>Deutsche Bahn: Hauptbahnhof (10 Minuten Fu\u00dfweg oder via Stra\u00dfenbahn Linie 1 Richtung Zw\u00f6tzen, HST Heinrichstra\u00dfe)<\/p>\n<p>Eintritt<br \/>Kinder und Jugendliche bis 17 Jahre: 1,00 Euro<\/p>\n<div>Personen ab 18 Jahre: 4,00 Euro<\/div>\n<div>\u00a0<\/div>\n<div><a href=\"http:\/\/geraer-mineralienfreunde.de\/gmfv4\/wp-content\/uploads\/2025\/02\/Einladung-Aussteller-2025-Gera.pdf\">Einladung Aussteller 2025 Gera<\/a><\/div>\n<div><a href=\"http:\/\/geraer-mineralienfreunde.de\/gmfv4\/wp-content\/uploads\/2025\/02\/Teilnahmebedingungen-2025-Gera.pdf\">Teilnahmebedingungen 2025 Gera<\/a><\/div>\n<div>\u00a0<\/div>\n<div>\u00a0<\/div>\n\n\n<figure class=\"wp-block-image size-large\"><img loading=\"lazy\" decoding=\"async\" width=\"526\" height=\"1024\" src=\"http:\/\/geraer-mineralienfreunde.de\/gmfv4\/wp-content\/uploads\/2025\/06\/Boerse2025-Vorderseite-Kopie-2-526x1024.jpg\" alt=\"\" class=\"wp-image-681\" srcset=\"https:\/\/geraer-mineralienfreunde.de\/gmfv4\/wp-content\/uploads\/2025\/06\/Boerse2025-Vorderseite-Kopie-2-526x1024.jpg 526w, https:\/\/geraer-mineralienfreunde.de\/gmfv4\/wp-content\/uploads\/2025\/06\/Boerse2025-Vorderseite-Kopie-2-154x300.jpg 154w, https:\/\/geraer-mineralienfreunde.de\/gmfv4\/wp-content\/uploads\/2025\/06\/Boerse2025-Vorderseite-Kopie-2-768x1494.jpg 768w, https:\/\/geraer-mineralienfreunde.de\/gmfv4\/wp-content\/uploads\/2025\/06\/Boerse2025-Vorderseite-Kopie-2-789x1536.jpg 789w, https:\/\/geraer-mineralienfreunde.de\/gmfv4\/wp-content\/uploads\/2025\/06\/Boerse2025-Vorderseite-Kopie-2-1053x2048.jpg 1053w, https:\/\/geraer-mineralienfreunde.de\/gmfv4\/wp-content\/uploads\/2025\/06\/Boerse2025-Vorderseite-Kopie-2-676x1315.jpg 676w, https:\/\/geraer-mineralienfreunde.de\/gmfv4\/wp-content\/uploads\/2025\/06\/Boerse2025-Vorderseite-Kopie-2.jpg 1311w\" sizes=\"auto, (max-width: 526px) 100vw, 526px\" \/><\/figure>\n","protected":false},"excerpt":{"rendered":"<p>Am Sonntag, dem 28. September 2025 teilen die Geraer Mineralien- und Fossilienfreunde von 10.00 bis 16.00 Uhr ihr Hobby mit Besuchern und Besucherinnen im Kultur- und Kongresszentrum Gera (Schlossstra\u00dfe 1, 07545 Gera). Sie verwandeln das Foyer in eine Schatzkammer voller edler Mineralien und Fossilien aus Th\u00fcringen und der ganzen Erde. Den Verein bilden \u00fcber 30 [&hellip;]<\/p>\n","protected":false},"author":1,"featured_media":0,"parent":0,"menu_order":0,"comment_status":"closed","ping_status":"closed","template":"","meta":{"footnotes":""},"class_list":["post-57","page","type-page","status-publish","hentry"],"_links":{"self":[{"href":"https:\/\/geraer-mineralienfreunde.de\/gmfv4\/wp-json\/wp\/v2\/pages\/57","targetHints":{"allow":["GET"]}}],"collection":[{"href":"https:\/\/geraer-mineralienfreunde.de\/gmfv4\/wp-json\/wp\/v2\/pages"}],"about":[{"href":"https:\/\/geraer-mineralienfreunde.de\/gmfv4\/wp-json\/wp\/v2\/types\/page"}],"author":[{"embeddable":true,"href":"https:\/\/geraer-mineralienfreunde.de\/gmfv4\/wp-json\/wp\/v2\/users\/1"}],"replies":[{"embeddable":true,"href":"https:\/\/geraer-mineralienfreunde.de\/gmfv4\/wp-json\/wp\/v2\/comments?post=57"}],"version-history":[{"count":55,"href":"https:\/\/geraer-mineralienfreunde.de\/gmfv4\/wp-json\/wp\/v2\/pages\/57\/revisions"}],"predecessor-version":[{"id":683,"href":"https:\/\/geraer-mineralienfreunde.de\/gmfv4\/wp-json\/wp\/v2\/pages\/57\/revisions\/683"}],"wp:attachment":[{"href":"https:\/\/geraer-mineralienfreunde.de\/gmfv4\/wp-json\/wp\/v2\/media?parent=57"}],"curies":[{"name":"wp","href":"https:\/\/api.w.org\/{rel}","templated":true}]}}

48. Ostthüringer Mineralien- und Fossilienbörse am 28. September 2025

<p><strong>Am Sonntag, dem 28. September 2025 teilen die Geraer Mineralien- und Fossilienfreunde von 10.00 bis 16.00 Uhr ihr Hobby mit Besuchern und Besucherinnen im Kultur- und Kongresszentrum Gera (Schlossstraße 1, 07545 Gera). Sie verwandeln das Foyer in eine Schatzkammer voller edler Mineralien und Fossilien aus Thüringen und der ganzen Erde. Den Verein bilden über 30 Mitglieder Männer und Frauen, darunter Mineralogen, Geologen, ehemalige Bergleute oder enthusiastische Mineraliensammler. Ihre Veranstaltung versteht sich auch in diesem Jahr als Forum für Freunde der Geologie und Naturliebhaber und bietet deshalb ein breites Rahmenprogramm an.</strong></p>
<p>1. Der Verein bietet einen Bestimmungsstand an. Dort können Besucher und Besucherinnen kostenlos Rat und Tipps zur Bestimmung zu mitgebrachten Mineralien und Fossilien erhalten.</p>
<p>2. Der Verein präsentiert in einer Sonderausstellung die Mineralien der faszinierenden Granatgruppe wie z. B. Almandin, Andradit, Grossular, Spessartin und Uwarowit.</p>
<p>3. Der Verein bietet ein informatives Rätselquiz für Kinder und Jugendliche an, das durch die Ausstellung führt.</p>
<p>4. Der Verein bietet während der Börse vier Bildvorträge zu mineralogischen und paläontologischen Themen an. </p>
<p>10.30 Uhr: Zum 150. Todesjahr von Dr. Moritz Rudolph Ferber &#8211; Kurzportrait eines bedeutenden Mineraliensammlers und des Ferberits. Referent: Frank Hrauda / Gera </p>
<p>11.30 Uhr: Fossilien aus Mineralien und Mineralien in Fossilien &#8211; Interessante Kombinationen. Referent: Dr. Ludwig Senf / Gera</p>
<p>13.30 Uhr: Gran Canaria mal ganz anders &#8211; Die Mineralien der Insel im Atlantik. Referent: Matthias Sehrig / Chemnitz</p>
<p>14.30 Uhr: Bau einer 500-Meter-Gefluterrinne &#8211; Meisterleistung alter Bergleute in Kamsdorf. Referent: Dieter Langhammer / Gera</p>
<p>Veranstaltungsort: Kultur- und Kongresszentrum Gera, Schlossstraße 1, 07545 Gera</p>
<p>Geraer Verkehrsbetriebe: Straßenbahn Linie 1 und 3, HST Heinrichstraße<br />Deutsche Bahn: Hauptbahnhof (10 Minuten Fußweg oder via Straßenbahn Linie 1 Richtung Zwötzen, HST Heinrichstraße)</p>
<p>Eintritt<br />Kinder und Jugendliche bis 17 Jahre: 1,00 Euro</p>
<div>Personen ab 18 Jahre: 4,00 Euro</div>
<div> </div>
<div><a href="http://geraer-mineralienfreunde.de/gmfv4/wp-content/uploads/2025/02/Einladung-Aussteller-2025-Gera.pdf">Einladung Aussteller 2025 Gera</a></div>
<div><a href="http://geraer-mineralienfreunde.de/gmfv4/wp-content/uploads/2025/02/Teilnahmebedingungen-2025-Gera.pdf">Teilnahmebedingungen 2025 Gera</a></div>
<div> </div>
<div> </div>


<figure class="wp-block-image size-large"><img loading="lazy" decoding="async" width="526" height="1024" src="http://geraer-mineralienfreunde.de/gmfv4/wp-content/uploads/2025/06/Boerse2025-Vorderseite-Kopie-2-526x1024.jpg" alt="" class="wp-image-681" srcset="https://geraer-mineralienfreunde.de/gmfv4/wp-content/uploads/2025/06/Boerse2025-Vorderseite-Kopie-2-526x1024.jpg 526w, https://geraer-mineralienfreunde.de/gmfv4/wp-content/uploads/2025/06/Boerse2025-Vorderseite-Kopie-2-154x300.jpg 154w, https://geraer-mineralienfreunde.de/gmfv4/wp-content/uploads/2025/06/Boerse2025-Vorderseite-Kopie-2-768x1494.jpg 768w, https://geraer-mineralienfreunde.de/gmfv4/wp-content/uploads/2025/06/Boerse2025-Vorderseite-Kopie-2-789x1536.jpg 789w, https://geraer-mineralienfreunde.de/gmfv4/wp-content/uploads/2025/06/Boerse2025-Vorderseite-Kopie-2-1053x2048.jpg 1053w, https://geraer-mineralienfreunde.de/gmfv4/wp-content/uploads/2025/06/Boerse2025-Vorderseite-Kopie-2-676x1315.jpg 676w, https://geraer-mineralienfreunde.de/gmfv4/wp-content/uploads/2025/06/Boerse2025-Vorderseite-Kopie-2.jpg 1311w" sizes="auto, (max-width: 526px) 100vw, 526px" /></figure>

<p>Am Sonntag, dem 28. September 2025 teilen die Geraer Mineralien- und Fossilienfreunde von 10.00 bis 16.00 Uhr ihr Hobby mit Besuchern und Besucherinnen im Kultur- und Kongresszentrum Gera (Schlossstraße 1, 07545 Gera). Sie verwandeln das Foyer in eine Schatzkammer voller edler Mineralien und Fossilien aus Thüringen und der ganzen Erde. Den Verein bilden über 30 [&hellip;]</p>
